 digit of 24880913?
8
What is the ten thousands digit of 162459?
6
What is the units digit of 56305?
5
What is the hundred thousands digit of 1010155?
0
What is the hundreds digit of 150313?
3
What is the units digit of 1421894?
4
What is the tens digit of 26611594?
9
What is the ten thousands digit of 271913?
7
What is the tens digit of 11207641?
4
What is the hundreds digit of 22841037?
0
What is the hundreds digit of 3918381?
3
What is the hundreds digit of 155523?
5
What is the hundreds digit of 10010579?
5
What is the thousands digit of 547048?
7
What is the tens digit of 383317?
1
What is the thousands digit of 85993?
5
What is the ten thousands digit of 14948681?
4
What is the thousands digit of 102794?
2
What is the units digit of 41996?
6
What is the thousands digit of 411003?
1
What is the tens digit of 40033?
3
What is the units digit of 1121253?
3
What is the hundred thousands digit of 8243813?
2
What is the hundreds digit of 5834033?
0
What is the ten millions digit of 14349508?
1
What is the hundred thousands digit of 350302?
3
What is the millions digit of 2280138?
2
What is the units digit of 180966?
6
What is the units digit of 119991?
1
What is the hundred thousands digit of 396694?
3
What is the ten thousands digit of 5138703?
3
What is the units digit of 772559?
9
What is the hundreds digit of 546226?
2
What is the hundreds digit of 341807?
8
What is the units digit of 2076231?
1
What is the hundred thousands digit of 1128578?
1
What is the units digit of 95134?
4
What is the units digit of 595198?
8
What is the ten millions digit of 15338181?
1
What is the tens digit of 1790295?
9
What is the tens digit of 5464618?
1
What is the units digit of 6546363?
3
What is the ten thousands digit of 1554495?
5
What is the hundreds digit of 101686?
6
What is the hundreds digit of 35434185?
1
What is the thousands digit of 102578?
2
What is the tens digit of 427653?
5
What is the ten thousands digit of 2317604?
1
What is the millions digit of 1239506?
1
What is the millions digit of 18169268?
8
What is the tens digit of 610286?
8
What is the hundreds digit of 27296812?
8
What is the millions digit of 1139792?
1
What is the hundred thousands digit of 20825540?
8
What is the tens digit of 1217301?
0
What is the hundreds digit of 17679119?
1
What is the thousands digit of 1384317?
4
What is the tens digit of 12835608?
0
What is the thousands digit of 16429818?
9
What is the ten thousands digit of 15280818?
8
What is the ten thousands digit of 121747?
2
What is the ten thousands digit of 299359?
9
What is the units digit of 409937?
7
What is the thousands digit of 1250678?
0
What is the hundred thousands digit of 8946048?
9
What is the tens digit of 15331806?
0
What is the tens digit of 23004722?
2
What is the thousands digit of 215664?
5
What is the hundreds digit of 1222599?
5
What is the tens digit of 238477?
7
What is the hundreds digit of 150442?
4
What is the millions digit of 7704761?
7
What is the tens digit of 258123?
2
What is the millions digit of 3730101?
3
What is the units digit of 167288?
8
What is the units digit of 14708576?
6
What is the thousands digit of 174067?
4
What is the millions digit of 2988843?
2
What is the units digit of 33732262?
2
What is the thousands digit of 171775?
1
What is the hundreds digit of 189595?
5
What is the units digit of 23178757?
7
What is the thousands digit of 100507?
0
What is the ten thousands digit of 8957237?
5
What is the ten thousands digit of 132697?
3
What is the units digit of 65247?
7
What is the units digit of 233342?
2
What is the hundreds digit of 883228?
2
What is the hundreds digit of 2218505?
5
What is the units digit of 429993?
3
What is the hundred thousands digit of 194591?
1
What is the tens digit of 63501?
0
What is the millions digit of 3727994?
3
What is the tens digit of 9289?
8
What is the ten millions digit of 11004431?
1
What is the hundreds digit of 333769?
7
What is the millions digit of 1027131?
1
What is the hundred thousands digit of 276367?
2
What is the tens digit of 149424?
2
What is the hundred thousands digit of 9785511?
7
What is the units digit of 205624?
4
What is the thousands digit of 614186?
4
What is the ten millions digit of 27946532?
2
What is the hundreds digit of 67744?
7
What is the tens digit of 104498?
9
What is the hundred thousands digit of 17706055?
7
What is the hundred thousands digit of 2949737?
9
What is the tens digit of 229826?
2
What is the hundreds digit of 200038?
0
What is the thousands digit of 707213?
7
What is the units digit of 1819120?
0
What is the hundreds digit of 8270034?
0
What is the hundred thousands digit of 30176446?
1
What is the units digit of 260524?
4
What is the tens digit of 63611?
1
What is the units digit of 568695?
5
What is the hundreds digit of 25131164?
1
What is the ten millions digit of 15198216?
1
What is the millions digit of 17461605?
7
What is the units digit of 308279?
9
What is the hundred thousands digit of 1163985?
1
What is the hundred thousands digit of 2600994?
6
What is the ten thousands digit of 208599?
0
What is the tens digit of 18110886?
8
What is the hundreds digit of 252004?
0
What is the tens digit of 2714371?
7
What is the tens digit of 10903103?
0
What is the thousands digit of 132516?
2
What is the thousands digit of 76785?
6
What is the tens digit of 10787927?
2
What is the hundred thousands digit of 492984?
4
What is the hundred thousands digit of 2834743?
8
What is the ten thousands digit of 9270670?
7
What is the units digit of 216906?
6
What is the ten thousands digit of 11918277?
1
What is the ten thousands digit of 4014277?
1
What is the hundred thousands digit of 11794310?
7
What is the thousands digit of 3129618?
9
What is the ten thousands digit of 11181897?
8
What is the hundreds digit of 803284?
2
What is the thousands digit of 4164?
4
What is the hundreds digit of 806733?
7
What is the hundred thousands digit of 197197?
1
What is the thousands digit of 60306?
0
What is the ten thousands digit of 886404?
8
What is the units digit of 31588?
8
What is the thousands digit of 306598?
6
What is the thousands digit of 24072328?
2
What is the ten thousands digit of 8393397?
9
What is the tens digit of 414245?
4
What is the hundred thousands digit of 405586?
4
What is the ten thousands digit of 237238?
3
What is the tens digit of 250939?
3
What is the units digit of 8071680?
0
What is the ten millions digit of 17801300?
1
What is the hundreds digit of 218608?
6
What is the ten thousands digit of 33108699?
0
What is the ten thousands digit of 10307505?
0
What is the tens digit of 1069404?
0
What is the millions digit of 13140609?
3
What is the thousands digit of 8160971?
0
What is the millions digit of 8752641?
8
What is the hundred thousands digit of 116667?
1
What is the units digit of 67396?
6
What is the tens digit of 392621?
2
What is the hundred thousands digit of 3547617?
5
What is the hundred thousands digit of 559217?
5
What is the hundreds digit of 18842?
8
What is the ten millions digit of 17994907?
1
What is the units digit of 37112?
2
What is the tens digit of 31988909?
0
What is the hundred thousands digit of 159437?
1
What is the units digit of 343105?
5
What is the tens digit of 443248?
4
What is the units digit of 2236309?
9
What is the ten thousands digit of 14867?
1
What is the millions digit of 8357895?
8
What is the thousands digit of 521619?
1
What is the tens digit of 266587?
8
What is the tens digit of 6454796?
9
What is the tens digit of 1021477?
7
What is the hundred thousands digit of 20547823?
5
What is the hundreds digit of 1673766?
7
What is the hundred thousands digit of 1428001?
4
What is the millions digit of 11926410?
1
What is the units digit of 161160?
0
What is the units digit of 1057727?
7
What is the units digit of 712217?
7
What is the millions digit of 2460798?
2
What is the ten thousands digit of 2193229?
9
What is the ten thousands digit of 51640?
5
What is the hundreds digit of 238237?
2
What is the hundred thousands digit of 1131690?
1
What is the ten thousands digit of 12418852?
1
What is the units digit of 22899915?
5
What is the hundreds digit of 2579?
5
What is the units digit of 1815569?
9
What is the hundreds digit of 6